{"id":297,"date":"2025-01-21T13:03:07","date_gmt":"2025-01-21T12:03:07","guid":{"rendered":"https:\/\/regionpieniny.pl\/yeti\/?page_id=297"},"modified":"2025-02-11T15:21:24","modified_gmt":"2025-02-11T14:21:24","slug":"11-zjazd-gorski-poszukiwania-yeti-w-pieninach","status":"publish","type":"page","link":"https:\/\/regionpieniny.pl\/yeti\/","title":{"rendered":"11 Zjazd G\u00f3rski &#8211; &#8222;Poszukiwania YETI w Pieninach&#8221;"},"content":{"rendered":"\n<h2>14 &#8211; 16 lutego 2025<\/h2>\n\n\n\n<ul>\n<li>Prelekcje, slajdowiska, spotkania z podr\u00f3\u017cnikami &#8211; Kino w Szczawnicy<\/li>\n\n\n\n<li>Wycieczki piesze z przewodnikami g\u00f3rskimi<\/li>\n\n\n\n<li>Koncert zespo\u0142u &#8222;Zielony Szlak&#8221; <\/li>\n\n\n\n<li>Zwiedzanie siedziby GOPR, zwiedzanie Muzeum Pieni\u0144skiego i inne atrakcje<\/li>\n<\/ul>\n\n\n\n<h2>Wa\u017cne! Dlaczego wydarzenie jest bezp\u0142atne?<\/h2>\n\n\n\n<p>Jeste\u015bmy prawdziwymi pasjonatami g\u00f3r, mieszka\u0144cami Szczawnicy i naszym celem jest promocja pi\u0119kna Pienin oraz popularyzacja aktywnego wypoczynku. Wszystkie koszty, takie jak wynagrodzenia prelegent\u00f3w czy przewodnik\u00f3w, pokrywamy dzi\u0119ki wsparciu naszych sponsor\u00f3w, kt\u00f3rym serdecznie dzi\u0119kujemy. Dzi\u0119ki temu Ty mo\u017cesz uczestniczy\u0107 w wydarzeniu zupe\u0142nie za darmo!<\/p>\n\n\n\n<figure class=\"wp-block-image size-large\"><img decoding=\"async\" loading=\"lazy\" width=\"1024\" height=\"907\" src=\"https:\/\/regionpieniny.pl\/yeti\/wp-content\/uploads\/2025\/02\/mapka-wiewiorki-2025-1024x907.jpg\" alt=\"\" class=\"wp-image-334\" srcset=\"https:\/\/regionpieniny.pl\/yeti\/wp-content\/uploads\/2025\/02\/mapka-wiewiorki-2025-1024x907.jpg 1024w, https:\/\/regionpieniny.pl\/yeti\/wp-content\/uploads\/2025\/02\/mapka-wiewiorki-2025-300x266.jpg 300w, https:\/\/regionpieniny.pl\/yeti\/wp-content\/uploads\/2025\/02\/mapka-wiewiorki-2025-768x680.jpg 768w, https:\/\/regionpieniny.pl\/yeti\/wp-content\/uploads\/2025\/02\/mapka-wiewiorki-2025-1536x1361.jpg 1536w, https:\/\/regionpieniny.pl\/yeti\/wp-content\/uploads\/2025\/02\/mapka-wiewiorki-2025.jpg 2000w\" sizes=\"(max-width: 1024px) 100vw, 1024px\" \/><\/figure>\n\n\n\n<h2>Program imprezy:<\/h2>\n\n\n\n<h3 class=\"has-text-align-center\"><strong>Pi\u0105tek &#8211; 14 lutego 2025<\/strong><\/h3>\n\n\n\n<p><strong>Prelekcje i koncert<\/strong> <em><mark style=\"background-color:rgba(0, 0, 0, 0)\" class=\"has-inline-color has-vivid-cyan-blue-color\"> Kinoteatr Pieniny w Szczawnicy, ul. G\u0142\u00f3wna 6<\/mark><\/em><\/p>\n\n\n\n<p>17.00 \u2013 Rozpocz\u0119cie XI Zimowego Zjazdu G\u00f3rskiego \u2013 Poszukiwania Yeti w Pieninach<\/p>\n\n\n\n<p>17.15 \u2013 Od Beskid\u00f3w po Alpy &#8211; co mo\u017cna robi\u0107 w g\u00f3rach &#8211; Pawe\u0142 Charnicki&nbsp;<\/p>\n\n\n\n<p>18.00 \u2013 Pieniny we wspomnieniach Zbigniewa Lubienieckiego &#8211;&nbsp; Krzysztof Koper<\/p>\n\n\n\n<p>19.00 \u2013 21.00&nbsp; &#8211;&nbsp; Koncert&nbsp; Zespo\u0142u \u201eZielony Szlak i przyjaciele\u201d<\/p>\n\n\n\n<hr class=\"wp-block-separator has-alpha-channel-opacity\"\/>\n\n\n\n<h3 class=\"has-text-align-center\"><strong>Sobota &#8211; 15 lutego 2025<\/strong><\/h3>\n\n\n\n<p><strong>Wycieczki piesze<\/strong><\/p>\n\n\n\n<p>5:30 \u2013\u00a0 Wycieczka na Wsch\u00f3d s\u0142o\u0144ca na Bere\u015bnik. Wyj\u015bcie na wsch\u00f3d zale\u017cne od warunk\u00f3w pogodowych. <mark style=\"background-color:rgba(0, 0, 0, 0)\" class=\"has-inline-color has-vivid-cyan-blue-color\">Zbi\u00f3rka w Szczawnicy, na placu Dietla.<\/mark><\/p>\n\n\n\n<p>9.00 \u2013 \u201eTurystyka zim\u0105 \u2013 unikanie zagro\u017ce\u0144\u201d \u2013\u00a0 Zbigniew Botor (ratownik g\u00f3rski GOPR). <mark style=\"background-color:rgba(0, 0, 0, 0)\" class=\"has-inline-color has-vivid-cyan-blue-color\">Spotykamy si\u0119 na skwerku &#8222;przy wiewi\u00f3rce&#8221; na skrzy\u017cowaniu ul. G\u0142\u00f3wnej i Zdrojowej. Razem przejdziemy do siedziby GOPR<\/mark><\/p>\n\n\n\n<p>10.00 \u2013\u00a0 Wycieczka z le\u015bnikiem: W\u0105w\u00f3z Homole (ok. 2 godz.) <mark style=\"background-color:rgba(0, 0, 0, 0)\" class=\"has-inline-color has-vivid-cyan-blue-color\">spotkanie z le\u015bnikiem przed budynkiem GOPR-u (Szczawnica, ul. G\u0142\u00f3wna 11), przejazd busem do W\u0105wozu<\/mark><\/p>\n\n\n\n<p>10.00 \u2013\u00a0 Wycieczka: Palenica &#8211; Szlachtowa (ok. 4 godz. + zwiedzanie muzeum) &#8211;<mark style=\"background-color:rgba(0, 0, 0, 0)\" class=\"has-inline-color has-vivid-cyan-blue-color\"> spotkanie z przewodnikiem\u00a0przed budynkiem GOPR-u(Szczawnica, ul. G\u0142\u00f3wna 11)<\/mark>. Zej\u015bcie do Szlachtowej, o 14.00 zwiedzanie muzuem i powr\u00f3t busem do Szczawnicy.<\/p>\n\n\n\n<p>14.00 \u2013\u00a0 Zwiedzanie Muzeum Pieni\u0144skiego w Szlachtowej.<br>Wej\u015bcie do muzeum + zwiedzanie z przewodnikiem darmowe. <mark style=\"background-color:rgba(0, 0, 0, 0)\" class=\"has-inline-color has-vivid-cyan-blue-color\">Zbi\u00f3rka przed budynkiem muzeum o 14.00. Szlachtowa, ul. \u0141emkowska 37.<\/mark><\/p>\n\n\n\n<p><strong>Prelekcje i slajdowiska<\/strong>  <em><mark style=\"background-color:rgba(0, 0, 0, 0)\" class=\"has-inline-color has-vivid-cyan-blue-color\">Kinoteatr Pieniny w Szczawnicy, ul. G\u0142\u00f3wna 6<\/mark><\/em><\/p>\n\n\n\n<p>16.00 \u2013 Powitanie oraz oficjalne otwarcie wydarzenia&nbsp; &#8211;&nbsp; zagra na trombicie Piotr K\u0142apyta<\/p>\n\n\n\n<p>16.30 \u2013 \u201cPo prostu dzia\u0142aj\u0105 \u2026 o ro\u015blinach i ich zastosowaniu\u201d \u2013 Agata Ku\u015b, Beskid Podkowca<\/p>\n\n\n\n<p>17.00 \u2013 \u201c\u015aladami turyst\u00f3w w Pieni\u0144skim Parku Narodowym\u201d &#8211;&nbsp; Adam Rusek (pracownik PPNu).<\/p>\n\n\n\n<p>17.30 \u2013&nbsp; \u201cPieniny i Ru\u015b Szlachtowska\u201d &#8211; Agnieszka Stopka (Zesp\u00f3\u0142 Nasa Gromada)<\/p>\n\n\n\n<p>18.00&nbsp; \u2013&nbsp; \u201cKorona G\u00f3r Krainy Podkowca, czyli jak rozpocz\u0105\u0107 przygod\u0119 z nietoperzami?\u201d Piotr Firlej &#8211; Polskie Towarzystwo Przyjaci\u00f3\u0142 Przyrody \u201cpro Natura\u201d. W ramach dzia\u0142a\u0144 promocyjnych projektu LIFE+ Podkowiec Towers.<\/p>\n\n\n\n<p>19.00&nbsp; \u2013 \u201e\u015alady wo\u0142oskie w Karpatach\u201d&nbsp; &#8211; dr Justyna Cz\u0105stka \u2013 K\u0142apyta i dr Piotr K\u0142apyta&nbsp;<\/p>\n\n\n\n<p>20.00&nbsp; \u2013 \u201cZ\u0142oty Tr\u00f3jk\u0105t i \u015bwi\u0119te wody Gangesu. Indie oczami 2 podr\u00f3\u017cniczek\u201d &#8211; Anna Antolak, Paulina Kubaj<\/p>\n\n\n\n<p>21.00&nbsp; \u2013&nbsp; \u201cKobieta w \u015bwiecie g\u00f3r, wyprawy kobiece\u201d \u2013 Ola Dzik \u2013 polska alpinistka.<\/p>\n\n\n\n<hr class=\"wp-block-separator has-alpha-channel-opacity\"\/>\n\n\n\n<h3 class=\"has-text-align-center\"><strong>Niedziela &#8211; 16 lutego 2025<\/strong><\/h3>\n\n\n\n<p><strong>Wycieczki piesze<\/strong><\/p>\n\n\n\n<p>9.00 \u2013 \u201eZdob\u0105d\u017a Przehyb\u0119 zim\u0105\u201d&nbsp;\u2013  wycieczk\u0119 poprowadzi przewodnik SKPG Grzegorz Szarek (ok. 6 godz.) <mark style=\"background-color:rgba(0, 0, 0, 0)\" class=\"has-inline-color has-vivid-cyan-blue-color\">Zbi\u00f3rka na skrzy\u017cowaniu ul. G\u0142\u00f3wnej i ul. Zdrojowej (obok &#8222;Halki&#8221;).<\/mark><\/p>\n\n\n\n<p>9.00 \u2013 \u201eInauguracja Korony G\u00f3r Krainy Podkowca. 3, 2, 1\u2026 lecimy!\u201d&nbsp; Szczawnica \u2013 Gaba\u0144ka \u2013 Seweryn\u00f3wka \u2013 Szczawnica\u201d.&nbsp; Wycieczk\u0119 poprowadzi przewodnik beskidzki SKPG Krak\u00f3w, Piotr Firlej \u2013 Polskie Towarzystwo Przyjaci\u00f3\u0142 Przyrody \u201cpro Natura\u201d, Kraina Podkowca. (ok. 5 godz.) <mark style=\"background-color:rgba(0, 0, 0, 0)\" class=\"has-inline-color has-vivid-cyan-blue-color\">Zbi\u00f3rka na skrzy\u017cowaniu ul. G\u0142\u00f3wnej i ul. Zdrojowej (obok &#8222;Halki&#8221;).<\/mark><\/p>\n\n\n\n<p>12.00 &#8211; Wsp\u00f3lne morsowanie &#8211; Klub Morsy Pieniny. <mark style=\"background-color:rgba(0, 0, 0, 0)\" class=\"has-inline-color has-vivid-cyan-blue-color\">Wodospad Zaskalnik, Szczawnica, ul. Kunie<\/mark><\/p>\n\n\n\n<hr class=\"wp-block-separator has-alpha-channel-opacity\"\/>\n\n\n\n<p class=\"has-text-align-center\"><strong>Imprezy towarzysz\u0105ce<\/strong><\/p>\n\n\n\n<p>Podczas Zjazdu b\u0119dzie zabawa w zystuj\u0105ce coraz wi\u0119ksz\u0105 popularno\u015b\u0107 #kamyczki:<br> szukaj i zostaw kamie\u0144 Zjazdowy, wi\u0119cej informacji o #kamyczkach <a href=\"https:\/\/www.facebook.com\/groups\/555702945342044\/?__cft__[0]=AZU5T0PkqHW6QDxte7_xI47HPeolpmCgxoQg215ftpAgTbn1lB_7emM0ntwh5dsG-uQofu3cb_0AczhlQlcflBMvNv-07hV7uPfhL60Kcti7Q49_zbOq7Yyu62xv75lp414LdvJs9M2X15gjBeUXQCnC&amp;__tn__=q\">https:\/\/www.facebook.com\/groups\/555702945342044\/?ref=share<\/a>.<\/p>\n","protected":false},"excerpt":{"rendered":"<p>14 &#8211; 16 lutego 2025 Wa\u017cne! Dlaczego wydarzenie jest bezp\u0142atne? Jeste\u015bmy prawdziwymi pasjonatami g\u00f3r, mieszka\u0144cami Szczawnicy i naszym celem jest promocja pi\u0119kna Pienin oraz popularyzacja aktywnego wypoczynku. Wszystkie koszty, takie jak wynagrodzenia prelegent\u00f3w czy przewodnik\u00f3w, pokrywamy dzi\u0119ki wsparciu naszych sponsor\u00f3w, kt\u00f3rym serdecznie dzi\u0119kujemy. Dzi\u0119ki temu Ty mo\u017cesz uczestniczy\u0107 w wydarzeniu zupe\u0142nie za darmo! Program imprezy: &#8230; <a title=\"11 Zjazd G\u00f3rski &#8211; &#8222;Poszukiwania YETI w Pieninach&#8221;\" class=\"read-more\" href=\"https:\/\/regionpieniny.pl\/yeti\/\">Czytaj dalej <span class=\"screen-reader-text\">11 Zjazd G\u00f3rski &#8211; &#8222;Poszukiwania YETI w Pieninach&#8221;<\/span><\/a><\/p>\n","protected":false},"author":1,"featured_media":0,"parent":0,"menu_order":0,"comment_status":"closed","ping_status":"closed","template":"","meta":[],"_links":{"self":[{"href":"https:\/\/regionpieniny.pl\/yeti\/wp-json\/wp\/v2\/pages\/297"}],"collection":[{"href":"https:\/\/regionpieniny.pl\/yeti\/wp-json\/wp\/v2\/pages"}],"about":[{"href":"https:\/\/regionpieniny.pl\/yeti\/wp-json\/wp\/v2\/types\/page"}],"author":[{"embeddable":true,"href":"https:\/\/regionpieniny.pl\/yeti\/wp-json\/wp\/v2\/users\/1"}],"replies":[{"embeddable":true,"href":"https:\/\/regionpieniny.pl\/yeti\/wp-json\/wp\/v2\/comments?post=297"}],"version-history":[{"count":9,"href":"https:\/\/regionpieniny.pl\/yeti\/wp-json\/wp\/v2\/pages\/297\/revisions"}],"predecessor-version":[{"id":335,"href":"https:\/\/regionpieniny.pl\/yeti\/wp-json\/wp\/v2\/pages\/297\/revisions\/335"}],"wp:attachment":[{"href":"https:\/\/regionpieniny.pl\/yeti\/wp-json\/wp\/v2\/media?parent=297"}],"curies":[{"name":"wp","href":"https:\/\/api.w.org\/{rel}","templated":true}]}}